-0*p. Suppose -17*g + 13*g + 80 = p. What are the prime factors of g?
2, 5
Suppose -m + 2 = -2*m. Let o be 344/(-20) + m/(-10). Let y = o - -29. List the prime factors of y.
2, 3
Let b be (-4)/7*(-7)/2. Suppose -5*o - 17 = 5*j + 13, 12 = -4*j - o. What are the prime factors of -39*j/(b + 4)?
13
Let i(f) = -f**2 + 3*f + 2. Let l be i(2). Suppose 8 = -l*k, 2*j - 3*k = 16 + 2. Suppose -5*h + 35 = u, 0 = -2*u - h + j*h - 5. What are the prime factors of u?
2, 5
Suppose b + 22 = 5*j, 13 = 3*b - 3*j + 43. Let x = -5 - b. What are the prime factors of x?
2
Let k(y) = -2*y - 5. Suppose 39 = 3*r - 3*x, -2*r + 0*r = -3*x - 28. Let g = 4 - r. List the prime factors of k(g).
3
List the prime factors of (-154)/(-6) - 16/24.
5
Suppose 388 = 10*p - 6*p. List the prime factors of p.
97
Suppose 4*q - 4 = 0, -i + 3*i + q - 35 = 0. List the prime factors of i.
17
Let u = 25 - 8. Let v = u + 4. What are the prime factors of v?
3, 7
Let k(x) = x**2 - 5*x - 4. Let i be k(6). Suppose i*z + 2 = -6. Let v(q) = -2*q - 3. List the prime factors of v(z).
5
What are the prime factors of 75/((-3)/15 + 6/5)?
3, 5
Suppose -q + 6*q - l - 66 = 0, 5*q - 3*l = 68. What are the prime factors of q?
13
Let w(d) = -d**3 - 3*d**2 - 3*d. Let f be w(-2). Let j(m) = 4*m**2 + 2*m - 2. List the prime factors of j(f).
2, 3
Let q be (-8)/2*(-14)/(-8). Let h = q - -41. Suppose -6 = 3*c, -4*a - 2*c = -9*a + h. What are the prime factors of a?
2, 3
Suppose r + 12 = -3*r + 3*j, 2*j = 2*r + 8. List the prime factors of -2 + (1 - r)*40.
2, 19
Let p be 4 - 6 - 0/(-2). List the prime factors of ((-9)/(-27))/(p/(-36)).
2, 3
Suppose 0 = 6*q - 2*q. Suppose -3*h + 21 = -q*h. What are the prime factors of h?
7
List the prime factors of 1*4 - (11 + -65).
2, 29
Let s be (-2)/(-12) + 22/12. Suppose -2*t + 24 = 4*p, s*t + t - 5*p - 14 = 0. Let u = 13 - t. List the prime factors of u.
5
What are the prime factors of 6872/52 + (-10)/65?
2, 3, 11
Let z(t) = 10 + 8*t - 10. What are the prime factors of z(2)?
2
Let q be -4 + 5 - (0 - -1). Suppose -7*v + 2*v + 95 = q. What are the prime factors of v?
19
Let w = 0 + 4. Suppose 0 = 6*a - w*a - 8. Suppose -5*g + 6 = -a*g. What are the prime factors of g?
2, 3
Let x(g) be the first derivative of -g**4/4 + g**3/3 + g**2/2 + 7*g - 3. List the prime factors of x(0).
7
Suppose 1 - 11 = -5*c. Let r(z) = z**3 + 2*z**2 - 3*z + 1. What are the prime factors of r(c)?
11
Let o = 2 + -1. Let u = 5 - 4. What are the prime factors of o + 6 - (u + -2)?
2
Suppose -c = 2*c - 9, -5*c = 4*p + 165. Let r be 2/(-5)*(p + -10). List the prime factors of (-8 - -7)/((-2)/r).
11
Let u = 9 - 6. Let z be (51/6 + -2)/(2/4). List the prime factors of (3 + -2)*z - u.
2, 5
List the prime factors of 52/3 + (-6)/(-9).
2, 3
Let v(o) = -o**3 - 10*o**2 - 4. Let p be v(-10). Let r(i) be the second derivative of i**4/12 + i**3/6 - 3*i**2/2 + i. What are the prime factors of r(p)?
3
Let n(l) = -l**3 + 5*l**2 - l + 6. Let u = -5 - -10. Let p be n(u). Let h(f) = 6*f**3 - f**2. What are the prime factors of h(p)?
5
Let k(c) = 25*c**2 + 2*c + 1. List the prime factors of k(-1).
2, 3
Suppose -j = 2*k + 2 - 14, 5*j - 3*k = 34. Suppose -t + 0*t + j = 0. List the prime factors of t.
2
Let r = 403 + -117. What are the prime factors of r?
2, 11, 13
Let w = -50 - -104. Suppose 2*j + w = 4*j. List the prime factors of ((-6)/9)/((-6)/j).
3
Let u = -35 + 59. What are the prime factors of u?
2, 3
Let h(r) = 14*r**2 + 1. Suppose f + 2*m - m = -2, 6 = -2*f - 4*m. What are the prime factors of h(f)?
3, 5
Let v = 74 + -28. Suppose 0 = y - 3*r - 33, r = -0*y + 2*y - v. Suppose -5*m + 56 = -5*j + y, 5*j = 2*m - 23. List the prime factors of m.
2
Suppose -3*g + 142 = p, -3 - 5 = -4*g. List the prime factors of p.
2, 17
Let j = 2 + 6. List the prime factors of j.
2
Let f = -346 + -85. Let i = f - -173. What are the prime factors of 2/(-7) + i/(-21)?
2, 3
Let t be 3/((-9)/2 - -3). List the prime factors of (1/t)/(4/(-120)).
3, 5
Suppose 54 = 3*b - 3*g, 4*b - 7*g = -5*g + 68. Suppose 0*y - b = -y. What are the prime factors of y?
2
Suppose -2*d + 2*m - 2 = 2, -m - 14 = 3*d. Let q(z) = -2*z - 1. List the prime factors of q(d).
7
What are the prime factors of 8/(-20) + (-192)/(-5)?
2, 19
Let i = 87 + 17. List the prime factors of i.
2, 13
Let v be 0/(-1 + 2 + 0). Suppose v = q - 0*q + 22. Let a = -13 - q. What are the prime factors of a?
3
Suppose -2*q = 4*y - 142, y + q - 13 = 24. What are the prime factors of y?
2, 17
Let w = 4 + 19. Let u = 41 - w. What are the prime factors of u?
2, 3
Let z(r) = 7*r - 7. Let n be z(5). Let x = 15 + -10. List the prime factors of 2/x + n/5.
2, 3
Suppose 67 = 2*l - l. What are the prime factors of l?
67
Let b = -29 - -69. What are the prime factors of b?
2, 5
Suppose -3*m + 57 = 15. List the prime factors of m.
2, 7
Let k(c) = c**3 + 8*c**2 - 4*c + 10. What are the prime factors of k(-8)?
2, 3, 7
Let j = 11 - 4. Let l = j - 5. List the prime factors of l.
2
Let z = 34 - 55. Let i = z + 33. List the prime factors of i.
2, 3
Suppose -3*t = t - 20. Suppose t*v + 211 = 5*l + 1, 1 = v. What are the prime factors of l?
43
Suppose 0 = 12*o - 7*o - 160. List the prime factors of o.
2
List the prime factors of (306/(-36))/((-1)/6).
3, 17
Let b be -2 - (-1 + 5)*1. Let k = 1 - b. List the prime factors of k.
7
Suppose o = -5*n + 30, -3*o + n + 8 = -2. Suppose o*g - 11 = -1. What are the prime factors of g?
2
What are the prime factors of (4 + -3 - 4) + 23?
2, 5
Suppose 0 = c - 0*c + u - 1, 4*u + 2 = 2*c. Suppose -6 = -3*q + 3. What are the prime factors of c/q - 44/(-3)?
3, 5
Let w(b) = -b - 2. Let s = -2 - 0. Let y be w(s). Suppose y = -3*z - 2*c + 17 + 20, 4*z + 2*c = 50. What are the prime factors of z?
13
Let o(c) = 2*c**2 - 3*c - 2. Let j = 49 - 23. Let z be 3/(-12) + j/8. List the prime factors of o(z).
7
Suppose 17*j - 13*j - 252 = 0. List the prime factors of j.
3, 7
Let x = -1 + 1. Suppose -w - 30 = -5*b, 5*b + 3*w - 2*w - 30 = 0. Suppose 2*v + 4*j = b - 2, -5*v - 4*j + 16 = x. List the prime factors of v.
2
Let l(d) = 3*d**2 - 7*d - 9. Let s be l(4). Suppose -y - 2*n = -5 - 0, -3*y - 25 = -4*n. Let x = s + y. What are the prime factors of x?
2
Let i(l) = l**3 + 9*l**2 - 8*l - 9. Let w(b) = 3*b**3 + 18*b**2 - 17*b - 17. Let u(d) = 5*i(d) - 2*w(d). List the prime factors of u(8).
5
Suppose 2*q = 5 - 1. Let h(r) = 2*r - q*r + 2*r. What are the prime factors of h(1)?
2
Let b(q) = q + 5. Let m = 28 + -11. Let n = 24 - m. What are the prime factors of b(n)?
2, 3
Let f = -101 - -147. List the prime factors of f.
2, 23
Let m = -22 - -46. List the prime factors of m.
2, 3
Suppose 0 = 2*h - b, -2*h - 3*b + 20 = 2*h. Suppose -4*x - 2 = -n, -h*x + 20 = n - 0. What are the prime factors of n?
2, 7
Let d(k) = k**2 - 10*k - 12. List the prime factors of d(12).
2, 3
Suppose 5*f - 21 = 404. Suppose -5*l + 0 + f = 0. List the prime factors of l.
17
List the prime factors of 62 + 2*3/(-6).
61
Let v(c) = 3*c**3 + 1 - 4*c**3 + 0 - c. Let b be v(0). List the prime factors of 8 + 6 + b + -1.
2, 7
Let h(n) = 5*n - 9*n + 7*n + 1. Let d be 1 - 1*(-1)/1. List the prime factors of h(d).
7
Let n(c) = -21*c - 6. List the prime factors of n(-4).
2, 3, 13
What are the prime factors of (-436)/(24/(-6)) + (-1)/(-1)?
2, 5, 11
Let z be 28/10 + 8/(-10). Suppose 4*r - k = 152, -3*r - 3*k = -z*r - 51. List the prime factors of r.
3, 13
Suppose 234 = 10*v - 8*v. What are the prime factors of v?
3, 13
Suppose 144 = 2*o + 20. List the prime factors of o.
2, 31
Let i(k) = k**2 + 12*k - 2. Let d be i(-10). What are the prime factors of (-158)/d - (-2)/(-11)?
7
Let y(n) = 16*n + 1. Let i(j) = 15*j + 1. Let v(l) = 7*i(l) - 6*y(l). What are the prime factors of v(3)?
2, 7
Suppose y + 3*t - 5*t - 35 = 0, -t + 70 = 3*y. What are the prime factors of y/(4 + (-3)/1)?
5
Let a = 116 + -83. What are the prime factors of a?
3, 11
List the prime factors of (-2 - 2)*6/(-8).
3
Suppose -3*u + 2*u = -8. Suppose 3*g = -m + 9, -3*m + 4*g + 32 = u*g. List the prime factors of m.
2, 3
Suppose 40 = -0*q + 5*q. Let v(s) = 6*s - 7. What are the prime factors of v(q)?
41
List the prime factors of (-12)/20 + 516/10.
3, 17
Suppose -9*j + 4*j = 0. Suppose j = -b + 2*i + 24, 5*b = -i - 4*i + 90. List the prime factors of b.
2, 5
Suppose 0 = -5*w, 3*w + 10 = 2*s +